{"id":274,"date":"2022-07-24T14:58:02","date_gmt":"2022-07-24T14:58:02","guid":{"rendered":"https:\/\/www.fraseressentials.si\/?page_id=274"},"modified":"2022-07-27T14:04:17","modified_gmt":"2022-07-27T14:04:17","slug":"priporocila","status":"publish","type":"page","link":"https:\/\/www.fraseressentials.si\/?page_id=274","title":{"rendered":"Priporo\u010dila"},"content":{"rendered":"\t\t<div data-elementor-type=\"wp-page\" data-elementor-id=\"274\" class=\"elementor elementor-274\">\n\t\t\t\t\t\t\t\t\t<section class=\"elementor-section elementor-top-section elementor-element elementor-element-fe5d462 elementor-section-boxed elementor-section-height-default elementor-section-height-default\" data-id=\"fe5d462\" data-element_type=\"section\">\n\t\t\t\t\t\t<div class=\"elementor-container elementor-column-gap-default\">\n\t\t\t\t\t<div class=\"elementor-column elementor-col-50 elementor-top-column elementor-element elementor-element-5fa2f67\" data-id=\"5fa2f67\" data-element_type=\"column\">\n\t\t\t<div class=\"elementor-widget-wrap elementor-element-populated\">\n\t\t\t\t\t\t\t\t<div class=\"elementor-element elementor-element-52a3671 elementor-widget elementor-widget-image\" data-id=\"52a3671\" data-element_type=\"widget\" data-widget_type=\"image.default\">\n\t\t\t\t<div class=\"elementor-widget-container\">\n\t\t\t<style>\/*! elementor - v3.18.0 - 08-12-2023 *\/\n.elementor-widget-image{text-align:center}.elementor-widget-image a{display:inline-block}.elementor-widget-image a img[src$=\".svg\"]{width:48px}.elementor-widget-image img{vertical-align:middle;display:inline-block}<\/style>\t\t\t\t\t\t\t\t\t\t\t\t<img fetchpriority=\"high\" decoding=\"async\" width=\"1024\" height=\"681\" src=\"https:\/\/www.fraseressentials.si\/wp-content\/uploads\/2022\/07\/WElsh-Springer-Dyno-9-months-1024x681.jpg\" class=\"attachment-large size-large wp-image-343\" alt=\"\" srcset=\"https:\/\/www.fraseressentials.si\/wp-content\/uploads\/2022\/07\/WElsh-Springer-Dyno-9-months-1024x681.jpg 1024w, https:\/\/www.fraseressentials.si\/wp-content\/uploads\/2022\/07\/WElsh-Springer-Dyno-9-months-300x199.jpg 300w, https:\/\/www.fraseressentials.si\/wp-content\/uploads\/2022\/07\/WElsh-Springer-Dyno-9-months-768x511.jpg 768w, https:\/\/www.fraseressentials.si\/wp-content\/uploads\/2022\/07\/WElsh-Springer-Dyno-9-months-1536x1021.jpg 1536w, https:\/\/www.fraseressentials.si\/wp-content\/uploads\/2022\/07\/WElsh-Springer-Dyno-9-months-2048x1362.jpg 2048w, https:\/\/www.fraseressentials.si\/wp-content\/uploads\/2022\/07\/WElsh-Springer-Dyno-9-months-720x480.jpg 720w\" sizes=\"(max-width: 1024px) 100vw, 1024px\" \/>\t\t\t\t\t\t\t\t\t\t\t\t\t\t\t<\/div>\n\t\t\t\t<\/div>\n\t\t\t\t\t<\/div>\n\t\t<\/div>\n\t\t\t\t<div class=\"elementor-column elementor-col-50 elementor-top-column elementor-element elementor-element-b8948f5\" data-id=\"b8948f5\" data-element_type=\"column\">\n\t\t\t<div class=\"elementor-widget-wrap elementor-element-populated\">\n\t\t\t\t\t\t\t\t<div class=\"elementor-element elementor-element-738fb70 elementor-widget elementor-widget-heading\" data-id=\"738fb70\" data-element_type=\"widget\" data-widget_type=\"heading.default\">\n\t\t\t\t<div class=\"elementor-widget-container\">\n\t\t\t<style>\/*! elementor - v3.18.0 - 08-12-2023 *\/\n.elementor-heading-title{padding:0;margin:0;line-height:1}.elementor-widget-heading .elementor-heading-title[class*=elementor-size-]>a{color:inherit;font-size:inherit;line-height:inherit}.elementor-widget-heading .elementor-heading-title.elementor-size-small{font-size:15px}.elementor-widget-heading .elementor-heading-title.elementor-size-medium{font-size:19px}.elementor-widget-heading .elementor-heading-title.elementor-size-large{font-size:29px}.elementor-widget-heading .elementor-heading-title.elementor-size-xl{font-size:39px}.elementor-widget-heading .elementor-heading-title.elementor-size-xxl{font-size:59px}<\/style><h2 class=\"elementor-heading-title elementor-size-default\">Kako izbrati pravi izdelek?<\/h2>\t\t<\/div>\n\t\t\t\t<\/div>\n\t\t\t\t<div class=\"elementor-element elementor-element-a91b519 elementor-widget elementor-widget-text-editor\" data-id=\"a91b519\" data-element_type=\"widget\" data-widget_type=\"text-editor.default\">\n\t\t\t\t<div class=\"elementor-widget-container\">\n\t\t\t<style>\/*! elementor - v3.18.0 - 08-12-2023 *\/\n.elementor-widget-text-editor.elementor-drop-cap-view-stacked .elementor-drop-cap{background-color:#69727d;color:#fff}.elementor-widget-text-editor.elementor-drop-cap-view-framed .elementor-drop-cap{color:#69727d;border:3px solid;background-color:transparent}.elementor-widget-text-editor:not(.elementor-drop-cap-view-default) .elementor-drop-cap{margin-top:8px}.elementor-widget-text-editor:not(.elementor-drop-cap-view-default) .elementor-drop-cap-letter{width:1em;height:1em}.elementor-widget-text-editor .elementor-drop-cap{float:left;text-align:center;line-height:1;font-size:50px}.elementor-widget-text-editor .elementor-drop-cap-letter{display:inline-block}<\/style>\t\t\t\t<p>Za la\u017eji izbor izdelkov glede na tip dlake si lahko ogledate prilo\u017eeno tabelo v kateri so predstavljeni najbolj primerni \u0161amponi in regeneratorji za dolo\u010deno vrsto dlak.<\/p><p>Vsi \u0161amponi in regeneratorji se lahko za \u0161e bolj specifi\u010dne potrebe me\u0161ajo med seboj in tako ustvarjajo posebno me\u0161anico za specifi\u010dne potrebe, ki jih dlaka potrebuje.\u00a0<\/p><p>\u0160amponi in regeneratorji so koncentrati in se me\u0161ajo od 1:30 do 1:50 ali ve\u010d, odvisno od na\u010dina kopanja in stanja dlake. Za prva kopanja se priporo\u010da bolj razred\u010dena oblika (1:50) nato pa se glede na rezultat me\u0161anico prilagaja.<\/p>\t\t\t\t\t\t<\/div>\n\t\t\t\t<\/div>\n\t\t\t\t\t<\/div>\n\t\t<\/div>\n\t\t\t\t\t\t\t<\/div>\n\t\t<\/section>\n\t\t\t\t<section class=\"elementor-section elementor-top-section elementor-element elementor-element-5c846c1 elementor-section-boxed elementor-section-height-default elementor-section-height-default\" data-id=\"5c846c1\" data-element_type=\"section\">\n\t\t\t\t\t\t<div class=\"elementor-container elementor-column-gap-default\">\n\t\t\t\t\t<div class=\"elementor-column elementor-col-100 elementor-top-column elementor-element elementor-element-e4add3a\" data-id=\"e4add3a\" data-element_type=\"column\">\n\t\t\t<div class=\"elementor-widget-wrap elementor-element-populated\">\n\t\t\t\t\t\t\t\t<div class=\"elementor-element elementor-element-cb41729 elementor-widget elementor-widget-image\" data-id=\"cb41729\" data-element_type=\"widget\" data-widget_type=\"image.default\">\n\t\t\t\t<div class=\"elementor-widget-container\">\n\t\t\t\t\t\t\t\t\t\t\t\t\t\t\t<img decoding=\"async\" width=\"1022\" height=\"730\" src=\"https:\/\/www.fraseressentials.si\/wp-content\/uploads\/2022\/07\/Screenshot-2022-07-27-at-16.03.19.png\" class=\"attachment-large size-large wp-image-598\" alt=\"\" srcset=\"https:\/\/www.fraseressentials.si\/wp-content\/uploads\/2022\/07\/Screenshot-2022-07-27-at-16.03.19.png 1022w, https:\/\/www.fraseressentials.si\/wp-content\/uploads\/2022\/07\/Screenshot-2022-07-27-at-16.03.19-300x214.png 300w, https:\/\/www.fraseressentials.si\/wp-content\/uploads\/2022\/07\/Screenshot-2022-07-27-at-16.03.19-768x549.png 768w\" sizes=\"(max-width: 1022px) 100vw, 1022px\" \/>\t\t\t\t\t\t\t\t\t\t\t\t\t\t\t<\/div>\n\t\t\t\t<\/div>\n\t\t\t\t\t<\/div>\n\t\t<\/div>\n\t\t\t\t\t\t\t<\/div>\n\t\t<\/section>\n\t\t\t\t\t\t\t<\/div>\n\t\t","protected":false},"excerpt":{"rendered":"<p>Kako izbrati pravi izdelek? Za la\u017eji izbor izdelkov glede na tip dlake si lahko ogledate prilo\u017eeno tabelo v kateri so predstavljeni najbolj primerni \u0161amponi in regeneratorji za dolo\u010deno vrsto dlak. Vsi \u0161amponi in regeneratorji se lahko za \u0161e bolj specifi\u010dne &hellip; <a class=\"kt-excerpt-readmore more-link\" href=\"https:\/\/www.fraseressentials.si\/?page_id=274\">Read More<\/a><\/p>\n","protected":false},"author":1,"featured_media":0,"parent":0,"menu_order":0,"comment_status":"closed","ping_status":"closed","template":"","meta":{"footnotes":""},"lang":"sl","translations":{"en":771,"sl":274},"pll_sync_post":[],"_links":{"self":[{"href":"https:\/\/www.fraseressentials.si\/index.php?rest_route=\/wp\/v2\/pages\/274"}],"collection":[{"href":"https:\/\/www.fraseressentials.si\/index.php?rest_route=\/wp\/v2\/pages"}],"about":[{"href":"https:\/\/www.fraseressentials.si\/index.php?rest_route=\/wp\/v2\/types\/page"}],"author":[{"embeddable":true,"href":"https:\/\/www.fraseressentials.si\/index.php?rest_route=\/wp\/v2\/users\/1"}],"replies":[{"embeddable":true,"href":"https:\/\/www.fraseressentials.si\/index.php?rest_route=%2Fwp%2Fv2%2Fcomments&post=274"}],"version-history":[{"count":5,"href":"https:\/\/www.fraseressentials.si\/index.php?rest_route=\/wp\/v2\/pages\/274\/revisions"}],"predecessor-version":[{"id":601,"href":"https:\/\/www.fraseressentials.si\/index.php?rest_route=\/wp\/v2\/pages\/274\/revisions\/601"}],"wp:attachment":[{"href":"https:\/\/www.fraseressentials.si\/index.php?rest_route=%2Fwp%2Fv2%2Fmedia&parent=274"}],"curies":[{"name":"wp","href":"https:\/\/api.w.org\/{rel}","templated":true}]}}