{"id":28,"date":"2022-07-22T17:00:08","date_gmt":"2022-07-22T17:00:08","guid":{"rendered":"https:\/\/www.fraseressentials.si\/?page_id=28"},"modified":"2022-07-26T18:11:46","modified_gmt":"2022-07-26T18:11:46","slug":"o-znamki","status":"publish","type":"page","link":"https:\/\/www.fraseressentials.si\/?page_id=28","title":{"rendered":"O znamki"},"content":{"rendered":"\t\t<div data-elementor-type=\"wp-page\" data-elementor-id=\"28\" class=\"elementor elementor-28\">\n\t\t\t\t\t\t\t\t\t<section class=\"elementor-section elementor-top-section elementor-element elementor-element-e4f922b elementor-section-boxed elementor-section-height-default elementor-section-height-default\" data-id=\"e4f922b\" data-element_type=\"section\">\n\t\t\t\t\t\t<div class=\"elementor-container elementor-column-gap-default\">\n\t\t\t\t\t<div class=\"elementor-column elementor-col-50 elementor-top-column elementor-element elementor-element-b980cdc\" data-id=\"b980cdc\" data-element_type=\"column\">\n\t\t\t<div class=\"elementor-widget-wrap elementor-element-populated\">\n\t\t\t\t\t\t\t\t<div class=\"elementor-element elementor-element-084eca1 elementor-widget elementor-widget-image\" data-id=\"084eca1\" data-element_type=\"widget\" data-widget_type=\"image.default\">\n\t\t\t\t<div class=\"elementor-widget-container\">\n\t\t\t<style>\/*! elementor - v3.18.0 - 08-12-2023 *\/\n.elementor-widget-image{text-align:center}.elementor-widget-image a{display:inline-block}.elementor-widget-image a img[src$=\".svg\"]{width:48px}.elementor-widget-image img{vertical-align:middle;display:inline-block}<\/style>\t\t\t\t\t\t\t\t\t\t\t\t<img decoding=\"async\" src=\"https:\/\/www.fraseressentials.si\/wp-content\/uploads\/elementor\/thumbs\/Charles_NSW_Specialty_2012_1_672x544.jpg-psavczzeotdo85qjown9fcnkzk4gu48l9jqg8abx2w.webp\" title=\"Charles_NSW_Specialty_2012_1_672x544.jpg\" alt=\"Charles_NSW_Specialty_2012_1_672x544.jpg\" loading=\"lazy\" \/>\t\t\t\t\t\t\t\t\t\t\t\t\t\t\t<\/div>\n\t\t\t\t<\/div>\n\t\t\t\t\t<\/div>\n\t\t<\/div>\n\t\t\t\t<div class=\"elementor-column elementor-col-50 elementor-top-column elementor-element elementor-element-7da35e8\" data-id=\"7da35e8\" data-element_type=\"column\">\n\t\t\t<div class=\"elementor-widget-wrap elementor-element-populated\">\n\t\t\t\t\t\t\t\t<div class=\"elementor-element elementor-element-002ea8a elementor-widget elementor-widget-text-editor\" data-id=\"002ea8a\" data-element_type=\"widget\" data-widget_type=\"text-editor.default\">\n\t\t\t\t<div class=\"elementor-widget-container\">\n\t\t\t<style>\/*! elementor - v3.18.0 - 08-12-2023 *\/\n.elementor-widget-text-editor.elementor-drop-cap-view-stacked .elementor-drop-cap{background-color:#69727d;color:#fff}.elementor-widget-text-editor.elementor-drop-cap-view-framed .elementor-drop-cap{color:#69727d;border:3px solid;background-color:transparent}.elementor-widget-text-editor:not(.elementor-drop-cap-view-default) .elementor-drop-cap{margin-top:8px}.elementor-widget-text-editor:not(.elementor-drop-cap-view-default) .elementor-drop-cap-letter{width:1em;height:1em}.elementor-widget-text-editor .elementor-drop-cap{float:left;text-align:center;line-height:1;font-size:50px}.elementor-widget-text-editor .elementor-drop-cap-letter{display:inline-block}<\/style>\t\t\t\t<h3>Michelle Fraser<\/h3><p>Michelle Fraser, ustanoviteljica znamke Fraser Essentials je mednarodna sodnica, predvsem pa kinologinja \u017ee od malih nog.<\/p><p>Skupaj s star\u0161i, Darrell in Maureen, je v svetu rodovni\u0161kih psov prisotna \u017ee skoraj 40 let.\u00a0<\/p><p>Od pasem ima izku\u0161nje kot lastnica, groomerka in razstavljalka s slednjimi pasmami: nem\u0161ki ov\u010dar, ameri\u0161ki koker \u0161panjel, afganistantski hrt, border collie, angle\u0161ki \u0161pringer \u0161panjel, pekinezer in papillon. Prav tako je Michelle licencirana sodnica za pasme skupin pritlikavih psov in delovnih psov (toy group, working group).<\/p>\t\t\t\t\t\t<\/div>\n\t\t\t\t<\/div>\n\t\t\t\t\t<\/div>\n\t\t<\/div>\n\t\t\t\t\t\t\t<\/div>\n\t\t<\/section>\n\t\t\t\t<section class=\"elementor-section elementor-top-section elementor-element elementor-element-1196dcf elementor-section-boxed elementor-section-height-default elementor-section-height-default\" data-id=\"1196dcf\" data-element_type=\"section\">\n\t\t\t\t\t\t<div class=\"elementor-container elementor-column-gap-default\">\n\t\t\t\t\t<div class=\"elementor-column elementor-col-50 elementor-top-column elementor-element elementor-element-7ce0065\" data-id=\"7ce0065\" data-element_type=\"column\">\n\t\t\t<div class=\"elementor-widget-wrap elementor-element-populated\">\n\t\t\t\t\t\t\t\t<div class=\"elementor-element elementor-element-28cfd8d elementor-widget elementor-widget-image\" data-id=\"28cfd8d\" data-element_type=\"widget\" data-widget_type=\"image.default\">\n\t\t\t\t<div class=\"elementor-widget-container\">\n\t\t\t\t\t\t\t\t\t\t\t\t\t\t\t<img decoding=\"async\" src=\"https:\/\/www.fraseressentials.si\/wp-content\/uploads\/elementor\/thumbs\/ARmani-Rosette-psbgzog6cxc06wntqzu0icrcxs40fejjbnk3jdrxfg.jpg\" title=\"ARmani Rosette\" alt=\"ARmani Rosette\" loading=\"lazy\" \/>\t\t\t\t\t\t\t\t\t\t\t\t\t\t\t<\/div>\n\t\t\t\t<\/div>\n\t\t\t\t\t<\/div>\n\t\t<\/div>\n\t\t\t\t<div class=\"elementor-column elementor-col-50 elementor-top-column elementor-element elementor-element-ee922cb\" data-id=\"ee922cb\" data-element_type=\"column\">\n\t\t\t<div class=\"elementor-widget-wrap elementor-element-populated\">\n\t\t\t\t\t\t\t\t<div class=\"elementor-element elementor-element-8d86b14 elementor-widget elementor-widget-text-editor\" data-id=\"8d86b14\" data-element_type=\"widget\" data-widget_type=\"text-editor.default\">\n\t\t\t\t<div class=\"elementor-widget-container\">\n\t\t\t\t\t\t\t<h3>Nastanek znamke<\/h3><p>Znamka je nastajala skozi leta testiranj in preizku\u0161anj razli\u010dnih kombinacij surovin. Namen dolgoletnega razvoja znamke je bil izlu\u0161\u010diti tiste kombinacije, ki prina\u0161ajo kar najbolj\u0161e rezultate. \u010ceprav se je vse skupaj za\u010delo v &#8220;doma\u010di gara\u017ei&#8221; pa so se iskanju najbolj\u0161ih sestavin pridru\u017eili tudi dolgoletni vzreditelji iz razli\u010dnih koncev sveta.\u00a0<span style=\"letter-spacing: 0px;\">Tako lahko re\u010demo, da je znamka nastala v so\u017eitju z izku\u0161njami dolgoletnih vzrediteljev. Cilj znamke je bil dose\u017een, ko so profesionalni izdelki za la\u017ejo nego postali dostopni tudi tistim, ki imajo doma\u010de ljubljence.<\/span><\/p><p>Naj bo razstavni prvak ali doma\u010di ljubljenec, oba potrebujeta redno nego, katera bo s pomo\u010djo teh izdelkov la\u017eja! Ljubljen\u010dek bo po uporabi Fraser Essentials kozmetike \u010dist, di\u0161e\u010d in enostavno \u010dudovit! Verjamemo, da mora biti nega u\u017eitek in ne te\u017eko delo tako za vas kot va\u0161ega ljubljenca!<\/p>\t\t\t\t\t\t<\/div>\n\t\t\t\t<\/div>\n\t\t\t\t\t<\/div>\n\t\t<\/div>\n\t\t\t\t\t\t\t<\/div>\n\t\t<\/section>\n\t\t\t\t\t\t\t<\/div>\n\t\t","protected":false},"excerpt":{"rendered":"<p>Michelle Fraser Michelle Fraser, ustanoviteljica znamke Fraser Essentials je mednarodna sodnica, predvsem pa kinologinja \u017ee od malih nog. Skupaj s star\u0161i, Darrell in Maureen, je v svetu rodovni\u0161kih psov prisotna \u017ee skoraj 40 let.\u00a0 Od pasem ima izku\u0161nje kot lastnica, &hellip; <a class=\"kt-excerpt-readmore more-link\" href=\"https:\/\/www.fraseressentials.si\/?page_id=28\">Read More<\/a><\/p>\n","protected":false},"author":1,"featured_media":0,"parent":0,"menu_order":0,"comment_status":"closed","ping_status":"closed","template":"","meta":{"footnotes":""},"lang":"sl","translations":{"en":766,"sl":28},"pll_sync_post":[],"_links":{"self":[{"href":"https:\/\/www.fraseressentials.si\/index.php?rest_route=\/wp\/v2\/pages\/28"}],"collection":[{"href":"https:\/\/www.fraseressentials.si\/index.php?rest_route=\/wp\/v2\/pages"}],"about":[{"href":"https:\/\/www.fraseressentials.si\/index.php?rest_route=\/wp\/v2\/types\/page"}],"author":[{"embeddable":true,"href":"https:\/\/www.fraseressentials.si\/index.php?rest_route=\/wp\/v2\/users\/1"}],"replies":[{"embeddable":true,"href":"https:\/\/www.fraseressentials.si\/index.php?rest_route=%2Fwp%2Fv2%2Fcomments&post=28"}],"version-history":[{"count":5,"href":"https:\/\/www.fraseressentials.si\/index.php?rest_route=\/wp\/v2\/pages\/28\/revisions"}],"predecessor-version":[{"id":499,"href":"https:\/\/www.fraseressentials.si\/index.php?rest_route=\/wp\/v2\/pages\/28\/revisions\/499"}],"wp:attachment":[{"href":"https:\/\/www.fraseressentials.si\/index.php?rest_route=%2Fwp%2Fv2%2Fmedia&parent=28"}],"curies":[{"name":"wp","href":"https:\/\/api.w.org\/{rel}","templated":true}]}}